?
2
What is the hundreds digit of 128701?
7
What is the hundreds digit of 529089?
0
What is the tens digit of 498457?
5
What is the thousands digit of 1168636?
8
What is the tens digit of 951057?
5
What is the units digit of 5169794?
4
What is the hundred thousands digit of 1607744?
6
What is the hundred thousands digit of 239609?
2
What is the hundreds digit of 2652500?
5
What is the ten thousands digit of 206608?
0
What is the hundred thousands digit of 1286773?
2
What is the units digit of 12132573?
3
What is the hundreds digit of 649811?
8
What is the hundred thousands digit of 1291754?
2
What is the thousands digit of 160052?
0
What is the millions digit of 5451047?
5
What is the thousands digit of 1952849?
2
What is the thousands digit of 911528?
1
What is the ten millions digit of 11279799?
1
What is the millions digit of 3454588?
3
What is the units digit of 71779?
9
What is the units digit of 4096856?
6
What is the millions digit of 1170795?
1
What is the thousands digit of 415472?
5
What is the units digit of 348942?
2
What is the units digit of 216464?
4
What is the units digit of 5055858?
8
What is the ten thousands digit of 2733818?
3
What is the hundred thousands digit of 3994448?
9
What is the tens digit of 10807303?
0
What is the hundred thousands digit of 4453355?
4
What is the ten thousands digit of 196900?
9
What is the tens digit of 284023?
2
What is the ten thousands digit of 11424357?
2
What is the hundreds digit of 478640?
6
What is the tens digit of 258142?
4
What is the hundreds digit of 18474318?
3
What is the hundreds digit of 50495?
4
What is the millions digit of 1672256?
1
What is the millions digit of 7216145?
7
What is the hundreds digit of 546594?
5
What is the ten thousands digit of 2761013?
6
What is the ten thousands digit of 1096877?
9
What is the tens digit of 190395?
9
What is the tens digit of 466128?
2
What is the hundreds digit of 4294728?
7
What is the hundred thousands digit of 41510486?
5
What is the millions digit of 11337051?
1
What is the tens digit of 281459?
5
What is the ten thousands digit of 14177849?
7
What is the hundred thousands digit of 547258?
5
What is the hundred thousands digit of 3526062?
5
What is the hundred thousands digit of 14662333?
6
What is the ten thousands digit of 102372?
0
What is the hundreds digit of 88571?
5
What is the hundreds digit of 113004?
0
What is the hundred thousands digit of 1387006?
3
What is the hundreds digit of 5351110?
1
What is the ten thousands digit of 1265311?
6
What is the thousands digit of 70695?
0
What is the millions digit of 5042395?
5
What is the hundreds digit of 447370?
3
What is the hundred thousands digit of 2099067?
0
What is the ten millions digit of 10886683?
1
What is the hundred thousands digit of 4411541?
4
What is the tens digit of 3193681?
8
What is the tens digit of 915580?
8
What is the thousands digit of 894077?
4
What is the thousands digit of 278230?
8
What is the thousands digit of 359086?
9
What is the millions digit of 3676579?
3
What is the hundred thousands digit of 100601?
1
What is the hundred thousands digit of 19601050?
6
What is the units digit of 1944255?
5
What is the hundreds digit of 2608206?
2
What is the ten thousands digit of 34467812?
6
What is the units digit of 19144204?
4
What is the tens digit of 525369?
6
What is the hundred thousands digit of 4335310?
3
What is the hundred thousands digit of 2857927?
8
What is the ten thousands digit of 1163242?
6
What is the units digit of 5562534?
4
What is the millions digit of 4231015?
4
What is the thousands digit of 12073?
2
What is the ten millions digit of 35961367?
3
What is the hundred thousands digit of 2280538?
2
What is the thousands digit of 856270?
6
What is the ten thousands digit of 348615?
4
What is the ten thousands digit of 106710?
0
What is the thousands digit of 5067313?
7
What is the hundreds digit of 3355253?
2
What is the millions digit of 3766329?
3
What is the units digit of 842840?
0
What is the hundred thousands digit of 228567?
2
What is the ten thousands digit of 819429?
1
What is the tens digit of 77237?
3
What is the hundred thousands digit of 238275?
2
What is the hundred thousands digit of 339513?
3
What is the units digit of 423049?
9
What is the tens digit of 133871?
7
What is the hundreds digit of 10440173?
1
What is the hundreds digit of 419699?
6
What is the ten thousands digit of 1337422?
3
What is the hundreds digit of 1623759?
7
What is the hundreds digit of 417058?
0
What is the units digit of 3126035?
5
What is the units digit of 85717?
7
What is the thousands digit of 4094857?
4
What is the thousands digit of 653585?
3
What is the tens digit of 856724?
2
What is the tens digit of 1923800?
0
What is the ten thousands digit of 1183235?
8
What is the units digit of 25927349?
9
What is the hundred thousands digit of 12272555?
2
What is the tens digit of 8323832?
3
What is the units digit of 8080442?
2
What is the ten thousands digit of 618169?
1
What is the tens digit of 31926?
2
What is the ten thousands digit of 8132547?
3
What is the tens digit of 92270?
7
What is the ten thousands digit of 5679733?
7
What is the hundreds digit of 1771865?
8
What is the units digit of 1024183?
3
What is the thousands digit of 111078?
1
What is the millions digit of 1590004?
1
What is the thousands digit of 59694?
9
What is the thousands digit of 371451?
1
What is the tens digit of 676330?
3
What is the units digit of 209602?
2
What is the hundreds digit of 1533190?
1
What is the thousands digit of 1394629?
4
What is the millions digit of 6465022?
6
What is the ten thousands digit of 1291181?
9
What is the hundred thousands digit of 5798356?
7
What is the millions digit of 6057928?
6
What is the hundred thousands digit of 1725099?
7
What is the ten thousands digit of 126755?
2
What is the hundreds digit of 223006?
0
What is the hundreds digit of 7200201?
2
What is the tens digit of 2609067?
6
What is the ten thousands digit of 16741709?
4
What is the units digit of 452074?
4
What is the hundred thousands digit of 21724592?
7
What is the tens digit of 147054?
5
What is the hundred thousands digit of 1056822?
0
What is the hundred thousands digit of 748624?
7
What is the units digit of 38202421?
1
What is the units digit of 217813?
3
What is the tens digit of 8994467?
6
What is the tens digit of 9379076?
7
What is the hundred thousands digit of 241303?
2
What is the units digit of 233468?
8
What is the tens digit of 169150?
5
What is the tens digit of 733966?
6
What is the tens digit of 6483?
8
What is the hundreds digit of 1665347?
3
What is the hundreds digit of 478371?
3
What is the hundred thousands digit of 327594?
3
What is the tens digit of 1676591?
9
What is the hundreds digit of 264629?
6
What is the hundreds digit of 8730666?
6
What is the tens digit of 3040169?
6
What is the units digit of 614774?
4
What is the tens digit of 4082508?
0
What is the ten thousands digit of 13882484?
8
What is the hundred thousands digit of 23266742?
2
What is the ten thousands digit of 396372?
9
What is the ten thousands digit of 75262?
7
What is the hundred thousands digit of 4873784?
8
What is the thousands digit of 294677?
4
What is the units digit of 765629?
9
What is the ten thousands digit of 5217520?
1
What is the millions digit of 2300875?
2
What is the thousands digit of 3847862?
7
What is the millions digit of 5294503?
5
What is the thousands digit of 2930645?
0
What is the millions digit of 1590947?
1
What is the thousands digit of 2130502?
0
What is the hundreds digit of 18271507?
5
What is the thousands digit of 7548442?
8
What is the ten thousands digit of 1856287?
5
What is the tens digit of 646638?
3
What is the millions digit of 1862316?
1
What is the millions digit of 2142252?
2
What is the units digit of 205721?
1
What is the hundred thousands digit of 159572?
1
What is the hundreds digit of 35745?
7
What is the ten thousands digit of 5164218?
6
What is the ten thousands digit of 1253333?
5
What is the hundreds digit of 287387?
3
What is the tens digit of 28892?
9
What is the ten thousands digit of 2433373?
3
What is the tens digit of 102182?
8
What is the hundred thousands digit of 890478?
8
What is the millions digit of 27912